e 109*m - a*m + 312 = 0. What is the remainder when 128 is divided by m?
24
Let t = -3434 - -4924. Suppose -1895 = -4*x - x - 4*m, -4*x + 2*m = -t. What is the remainder when x is divided by 8?
7
Let v(a) = -a**3 + 12*a**2 + 56*a + 7. What is the remainder when v(-7) is divided by 137?
135
Suppose -274*b + 537*b - 116598 = 755510. What is the remainder when 3324 is divided by b?
8
Let m(y) = 898*y + 2736. Calculate the remainder when 47 is divided by m(-3).
5
Let y = 287 - 258. Suppose 0 = -k + y*k - 252. What is the remainder when 305 is divided by k?
8
Let h be (69/(-21) + 3)/(2/(-28)). Let n(t) = -t**3 - 8*t**2 - 11*t + 3. Calculate the remainder when n(-8) is divided by (h/6)/(10/345).
22
Suppose -4*q + 76 - 544 = -5*f, q = 5*f - 477. What is the remainder when f is divided by 35?
26
Let g = 124 + -50. Let q = 33 + g. Calculate the remainder when q is divided by 18.
17
Calculate the remainder when 2850 is divided by -5*(5 + -4)*(935/(-25))/11.
11
Let k = 230 - 183. Let u = k + -34. Suppose 167 + 217 = 3*p. Calculate the remainder when p is divided by u.
11
Let y(s) = s**3 + 3*s**2 - 2*s + 4. Let b be (2/4)/((133/(-14))/(-19)). Let d(r) = 9*r + 10. Calculate the remainder when d(b) is divided by y(-3).
9
Let a(q) = q**3 + 10*q**2 - 7. Let p(g) = -g**2 + 14*g + 19. Suppose 187*d = 197*d - 130. What is the remainder when a(-5) is divided by p(d)?
22
Suppose p + 5*o - 3*o - 52 = 0, 4*p - 184 = 4*o. Calculate the remainder when p is divided by 38.
10
Let s = 162 + -150. Let j = -62 - -17. Let b = j + 67. What is the remainder when b is divided by s?
10
Let n(k) = 2*k**3 - 15*k**2 - 20*k + 103. Let w = -49 + 95. Calculate the remainder when w is divided by n(8).
4
Suppose 3*k = 2*z + 181, -2*z + 38 + 33 = k. What is the remainder when k is divided by 30/(2/(-4) - -2)?
3
Suppose 103*y - 5776 = -49*y. Calculate the remainder when 342 is divided by y.
0
Let v be 27 - 23 - (0 + 2). Suppose 3*t - 139 = -4*r + 87, v*r + 202 = 3*t. What is the remainder when t is divided by 9?
7
Suppose -57*v - 1115 = -62*v. Let f = 250 - v. Calculate the remainder when 77 is divided by f.
23
Suppose -3*o + 53 = -s + 122, -3*o - 189 = -3*s. Calculate the remainder when 239 is divided by s.
59
Suppose -57*p - 5*m = -62*p + 510, -7*p = 2*m - 732. What is the remainder when 487 is divided by p?
71
Let d(c) = 9*c. Let r(m) = 7*m**2 + 2*m + 3. Let b be -3 + 20*7/28. Calculate the remainder when r(b) is divided by d(2).
17
Let m(r) = 32*r - 2*r + 9*r - 7. Let u be (-18)/54 - 7/(-3). Calculate the remainder when m(u) is divided by 9.
8
Suppose -3*w + 3*k - 177 = 0, -66 - 1 = w - 3*k. Let j = 88 - w. Calculate the remainder when j is divided by 37.
32
Let d(b) = -210*b - 27682. What is the remainder when d(-132) is divided by 50/4*(-24)/(-30)?
8
Suppose 72 = 4*j - 36. Calculate the remainder when (-6)/j - 22000/(-99) is divided by 32.
30
What is the remainder when -8 + 13819/143 + (-4)/(-11) is divided by 9?
8
Suppose 110 = 2*y - 94. Suppose 156*a - 2316 + 779 - 803 = 0. What is the remainder when y is divided by a?
12
Let o = -175 + 405. Let z = o - 146. Suppose z = -15*m + 18*m. Calculate the remainder when m is divided by 8.
4
Suppose 10620 = -72*h + 132*h. What is the remainder when 179 is divided by h?
2
Suppose -4*x = -3*t - 489, 11*t = -4*x + 15*t + 484. What is the remainder when x is divided by 51?
24
Let w = 21 + -5. Let q(r) = -r**2 - 15*r + 126. Let z be q(-21). Suppose -5*g + 8 = 4*f - 11, z = -2*g + 3*f + 3. What is the remainder when w is divided by g?
1
Let w = -28793 - -28836. Calculate the remainder when 1066 is divided by w.
34
Let y(b) = -b**2 - 214*b - 992. Calculate the remainder when y(-75) is divided by 85.
83
Let y(f) be the first derivative of -f**2 + 2*f - 3. Let w be 18 - 11 - (1 + 8). Calculate the remainder when 10 is divided by y(w).
4
Let o = 2750 - 2622. What is the remainder when o is divided by 26?
24
Let u be 3 + 278 + -1 + 4. Suppose 10 + u = 2*w + 5*c, -2*c = 4*w - 556. What is the remainder when w is divided by 20?
17
Let h(j) = 57*j - 13. Suppose 0 = 2*f - d - 2*d + 6, 3*f + 3*d = 21. What is the remainder when h(f) is divided by 3?
2
Let x(s) = 2*s**2 - 303*s + 5067. What is the remainder when x(16) is divided by 61?
60
Let v(n) = n**3 - 6*n**2 + 5*n - 12. Let f(m) = m**3 + 17*m**2 - 39*m + 19. What is the remainder when f(-19) is divided by v(6)?
2
Suppose 3*a - 93 = -d + 5*a, -2*d + 194 = 4*a. Let n = d + -91. What is the remainder when 40 is divided by n?
0
Suppose -459*g = -420*g - 1002105. What is the remainder when g is divided by 32?
31
Let f(x) = 174*x. Let c(l) = -l**2 + 543*l + 7828. What is the remainder when f(1) is divided by c(-14)?
24
Let d = -4 - -11. Let r(f) = f**2 - 6*f - 5. Let i be r(10). Let a = i - 9. Calculate the remainder when a is divided by d.
5
Let y = 28731 - 22087. Calculate the remainder when y is divided by 31.
10
Let k = -1218 + 1254. Suppose 0 = -2*j + 5*u - 6, -2*u = -5*j - 3*u + 12. Calculate the remainder when k is divided by j.
0
Let z(q) be the first derivative of -q**3/3 + q**2/2 + 9*q + 24. Let t be z(4). What is the remainder when (7*-12)/(t/2) - 4 is divided by 11?
8
Let u = 6115 - 6035. What is the remainder when 557 is divided by u?
77
Let c(o) = -2*o + 39. Suppose -4*n + 26*u = 21*u - 66, -5*u - 10 = 0. Calculate the remainder when 16 is divided by c(n).
5
Let m(y) = 8*y - 26. Let x be m(8). Let w = 73 - x. What is the remainder when w is divided by (9/27)/(2/(-20))*-3?
5
Let u = 1376 + -1318. Calculate the remainder when 578 is divided by u.
56
Suppose 3*l + 389 = 5*s + 56, -s - 3*l + 81 = 0. Calculate the remainder when 138 is divided by s.
0
Let u = -67 + 259. Let l = u - 19. What is the remainder when l is divided by 35?
33
Let t(x) = 34*x**2 - 94*x - 105. Let a = -186 - -322. What is the remainder when a is divided by t(-1)?
21
Suppose -8*r + 591 = -20*r + 15*r. What is the remainder when 1584 is divided by r?
8
Let y = 1129 + -873. What is the remainder when y is divided by 33?
25
Let i = 633 - 647. Let m(o) = 27 + o + 0*o + 0. Calculate the remainder when 49 is divided by m(i).
10
Suppose -7*o - 11*o = -108. What is the remainder when 65 is divided by -7 + 4*(o - -4)?
32
Let s(l) = l**3 - 3*l + 3. Suppose n - 10 = t - 4, 4*n + 2*t = 0. Calculate the remainder when s(0) is divided by n.
1
Let t(h) = 31*h**2 + 10*h + 9. Suppose 13*v + 3 = 10*v. Calculate the remainder when t(v) is divided by 19.
11
Suppose 37*x = 49*x - 576. Calculate the remainder when 229 is divided by x.
37
Let g be (10 + 0)/(10/120). Let c be 0/7 - ((-1)/1 - 5). Suppose 10*b = c*b + g. What is the remainder when 148 is divided by b?
28
Suppose -3*z + 20466 = 4*n, -179*n + 5*z - 5108 = -180*n. Calculate the remainder when n is divided by 80.
78
Let l be 1/(-3)*5*(-120)/10. Let q be 5/l + (-1)/4*-19. What is the remainder when 70 is divided by 1/((-32)/185 - q/(-25))?
33
Suppose -3*i = -4*w - 356, 3*i = i + 3*w + 237. Suppose -9*q + q + i = 0. Calculate the remainder when q is divided by 34/4 - (-2)/4.
6
Let r = 12514 + -12403. Calculate the remainder when r is divided by 17.
9
Suppose s - 35 = -4*s. Suppose 0 = 4*q + 4*a - 136, -1 = 4*q - 3*a - 102. Calculate the remainder when q is divided by s.
1
Suppose -18*g - 3*m - 12 = -15*g, -12 = 2*g + 3*m. Suppose g = 19*t - 27*t + 16. Calculate the remainder when 6 is divided by t.
0
Suppose 0 = 4*s + 5*v + 7, -3*s - 3*v - 6 = -0*s. Suppose 6*b - 9*b = -66. Calculate the remainder when (-178)/s - 65/(-39) is divided by b.
17
What is the remainder when (-10758)/(-121) + (-304)/44 + 7 is divided by 38?
13
Let x = 450 - 149. Let i = x - 284. What is the remainder when 131 is divided by i?
12
Let z = -303 + 474. Let f = 183 - z. What is the remainder when f is divided by 0 + 6/4*2?
0
Suppose -b = -6 + 18. Let v be ((-99)/b - 4)/((-1)/(-28)). Let j = v + -105. Calculate the remainder when j is divided by 6.
2
Let b = -6179 - -6184. Calculate the remainder when 47 is divided by b.
2
Suppose -6 = -3*d + 2*g, 2*d - 22*g - 6 = -20*g. Suppose d = -8*s + 12*s - 144. What is the remainder when 135 is divided by s?
27
What is the remainder when 1708 is divided by (-245)/(-70) + (-65)/(-10)?
8
Let b(n) be the first derivative of n**4/4 + 34*n**3/3 + 98*n + 227. What is the remainde